{"id":1374,"date":"2022-03-20T00:18:18","date_gmt":"2022-03-20T00:18:18","guid":{"rendered":"http:\/\/dinopark.com.tr\/?page_id=1374"},"modified":"2022-03-31T11:03:22","modified_gmt":"2022-03-31T11:03:22","slug":"hakkimizda","status":"publish","type":"page","link":"https:\/\/dinopark.com.tr\/index.php\/hakkimizda\/","title":{"rendered":"Hakk\u0131m\u0131zda"},"content":{"rendered":"\r\n<div class=\"wp-block-media-text alignwide is-stacked-on-mobile\" style=\"grid-template-columns: 40% auto;\">\r\n<figure class=\"wp-block-media-text__media\"><img fetchpriority=\"high\" decoding=\"async\" width=\"1024\" height=\"679\" class=\"wp-image-1365 size-full\" src=\"https:\/\/dinopark.com.tr\/wp-content\/uploads\/2022\/03\/dinopark-logo-1024x679.png\" alt=\"\" srcset=\"https:\/\/dinopark.com.tr\/wp-content\/uploads\/2022\/03\/dinopark-logo-1024x679.png 1024w, https:\/\/dinopark.com.tr\/wp-content\/uploads\/2022\/03\/dinopark-logo-300x199.png 300w, https:\/\/dinopark.com.tr\/wp-content\/uploads\/2022\/03\/dinopark-logo-768x509.png 768w, https:\/\/dinopark.com.tr\/wp-content\/uploads\/2022\/03\/dinopark-logo.png 1215w\" sizes=\"(max-width: 1024px) 100vw, 1024px\" \/><\/figure>\r\n<div class=\"wp-block-media-text__content\">\r\n\r\n\r\n<p>&nbsp;<\/p>\r\n<p class=\"has-black-color has-text-color\" style=\"font-size: 15px; text-align: justify;\"><strong>DinoPark, 30 d\u00f6n\u00fcml\u00fck arazi \u00fczerinde, Akdeniz\u2019in portakal kokulu e\u015fsiz do\u011fas\u0131 i\u00e7inde, f\u0131st\u0131k ve k\u0131z\u0131l\u00e7am ormanlar\u0131 aras\u0131nda yer al\u0131r. DinoPark\u2019ta, g\u00fcn\u00fcm\u00fczden milyonlarca y\u0131l \u00f6nce nesli t\u00fckenmi\u015f dinozorlar\u0131n, ger\u00e7e\u011fine uygun birebir boyutlarda \u00fcretilmi\u015f maketleri yer al\u0131r. Hareketli olan bu maketler, dinozorlar\u0131n do\u011fal seslerini \u00e7\u0131karabilir, bak\u0131\u015flar\u0131 ve nefesleriyle canl\u0131 hissini verir. Filmlerden ve belgesellerden a\u015fina oldu\u011fumuz bu dev canl\u0131lar\u0131, dokunma mesafesinde ziyaret edebilirsiniz. DinoPark\u2019\u0131 ziyaret ederek, animatronik maketlerle heyecan ve tarih dolu yolculuk yapacak, \u00e7ocuk ve yeti\u015fkinleri de kapsayan etkinliklerle unutulmaz anlar ya\u015fayacaks\u0131n\u0131z.<\/strong><\/p>\r\n<\/div>\r\n<\/div>\r\n\r\n\r\n\r\n<p>&nbsp;<\/p>\r\n","protected":false},"excerpt":{"rendered":"<p>&nbsp; DinoPark, 30 d\u00f6n\u00fcml\u00fck arazi \u00fczerinde, Akdeniz\u2019in portakal kokulu e\u015fsiz do\u011fas\u0131 i\u00e7inde, f\u0131st\u0131k ve k\u0131z\u0131l\u00e7am ormanlar\u0131 aras\u0131nda yer al\u0131r. DinoPark\u2019ta, g\u00fcn\u00fcm\u00fczden milyonlarca y\u0131l \u00f6nce nesli t\u00fckenmi\u015f dinozorlar\u0131n, ger\u00e7e\u011fine uygun birebir &#8230;<\/p>\n","protected":false},"author":1,"featured_media":0,"parent":0,"menu_order":0,"comment_status":"closed","ping_status":"closed","template":"","meta":{"footnotes":""},"class_list":["post-1374","page","type-page","status-publish","hentry"],"_links":{"self":[{"href":"https:\/\/dinopark.com.tr\/index.php\/wp-json\/wp\/v2\/pages\/1374","targetHints":{"allow":["GET"]}}],"collection":[{"href":"https:\/\/dinopark.com.tr\/index.php\/wp-json\/wp\/v2\/pages"}],"about":[{"href":"https:\/\/dinopark.com.tr\/index.php\/wp-json\/wp\/v2\/types\/page"}],"author":[{"embeddable":true,"href":"https:\/\/dinopark.com.tr\/index.php\/wp-json\/wp\/v2\/users\/1"}],"replies":[{"embeddable":true,"href":"https:\/\/dinopark.com.tr\/index.php\/wp-json\/wp\/v2\/comments?post=1374"}],"version-history":[{"count":14,"href":"https:\/\/dinopark.com.tr\/index.php\/wp-json\/wp\/v2\/pages\/1374\/revisions"}],"predecessor-version":[{"id":1920,"href":"https:\/\/dinopark.com.tr\/index.php\/wp-json\/wp\/v2\/pages\/1374\/revisions\/1920"}],"wp:attachment":[{"href":"https:\/\/dinopark.com.tr\/index.php\/wp-json\/wp\/v2\/media?parent=1374"}],"curies":[{"name":"wp","href":"https:\/\/api.w.org\/{rel}","templated":true}]}}